e prime factors of w.
2, 3, 5
Let j be 3*3/(-3) - -10. Let h = 7 - j. List the prime factors of 6*((3 - 0) + h).
2, 3
Suppose 0 = 2*z - 228 + 40. List the prime factors of z.
2, 47
Suppose -54 = -3*n + 39. What are the prime factors of n?
31
Suppose 0*k - 337 = -2*i + 3*k, 0 = 3*i - 4*k - 508. List the prime factors of i.
2, 11
Let j be (-3 - -8)/(1/1). Suppose 4*l - j = 3. Suppose -i - l*i = -33. List the prime factors of i.
11
What are the prime factors of -1 + 28/20 - 566/(-10)?
3, 19
Suppose -5*f = 4*m + 56, 3*f + 11 = 4*m + 3. Let a be 4*-2*21/f. Let b = a + -12. List the prime factors of b.
3
Let q be 1 - 0/(4 + -2). What are the prime factors of q/((-126)/64 - -2)?
2
Let c(d) = -4*d - 18. What are the prime factors of c(-14)?
2, 19
What are the prime factors of (-7 - -2)*-6 + -3?
3
Suppose -2*a + 70 = l, -4*a + 0*l = 3*l - 144. List the prime factors of a.
3, 11
Let s be (-1 + 2)*(0 - 1). Let o(a) be the third derivative of -7*a**6/120 - a**5/60 - a**4/24 - a**3/6 - 6*a**2. What are the prime factors of o(s)?
2, 3
Let h = -21 - -25. Suppose h*q - 42 = 2*t + 118, -4*t + 49 = q. What are the prime factors of q?
41
Let i = 8 + -3. Suppose -i*h + 55 + 0 = 0. List the prime factors of h.
11
Let h = -30 - -53. Let t = -14 + h. Let g = 15 - t. What are the prime factors of g?
2, 3
Suppose -3*a = 14 - 11. List the prime factors of (8/(-8))/(a/37).
37
Let j(f) = -f**3 - 6*f**2 + 7*f + 4. Let s be j(-7). Suppose -2*l - 3*r + 16 + 15 = 0, -4*r - s = -3*l. Suppose -m + 4 + l = 0. List the prime factors of m.
2, 3
Let s(v) = 2*v**3 - v**2 + v. Let z be s(1). Suppose -5*m = 5, 5*m + 5 = z*n - 22. What are the prime factors of n?
11
Suppose -4*f = -3*v - 8, 25 = 5*v + f - 0*f. Suppose 0 = v*l - 0*l - 108. What are the prime factors of l?
3
Let u(m) = 15*m - 17. List the prime factors of u(3).
2, 7
Let n = 89 - 83. What are the prime factors of n?
2, 3
Let c(d) = d + 20. What are the prime factors of c(-9)?
11
Let g(h) = h + 12. Let b be g(-9). Suppose 5*l + b = -7. List the prime factors of l + (-2 - 30)/(-2).
2, 7
Let q be 26*(-2 + -4)/(-3). Suppose 2*x + x + 4*p = q, 4*x + 4*p - 64 = 0. List the prime factors of x.
2, 3
Suppose 2*v + 6*n - n - 12 = 0, 2*n + 4 = 0. What are the prime factors of v?
11
Suppose 0 = k - v + 6*v - 16, 3*v = 3*k + 6. Let y = 6 - k. Suppose y*n - 50 = r, 3*n + r - 20 = n. What are the prime factors of n?
2, 5
Suppose 48 = -5*k - 2*g, -g - 2*g + 43 = -4*k. Let j = -3 - k. What are the prime factors of j?
7
Suppose 2*k - 4 = 8. Let t be (-1)/(-3) - 53/(-3). Suppose 0 = -3*s + t + k. What are the prime factors of s?
2
Let b = 47 + 13. What are the prime factors of b?
2, 3, 5
Let k = -6 + 3. List the prime factors of 4 + -1 - (4 + k).
2
Let c be (0 - 1 - 8)*1. Let a = c + 18. List the prime factors of a.
3
Let u = 18 - 27. Let n = 17 + u. List the prime factors of n.
2
Suppose g - 3 + 1 = -2*a, -37 = -g + 5*a. Let b = g + -8. Let v = 14 - b. List the prime factors of v.
2, 5
Suppose 5*d + 35 + 30 = 0. Let v(p) = p**2 + 11*p - 17. List the prime factors of v(d).
3
Suppose 5*s - 14 = 1. Suppose 2*d = -s*h + 47, -4*d = -4*h - 0*d + 96. What are the prime factors of h?
19
Let g(o) = 4*o - 5. Let z(f) = -f**2 - 7*f - 6. Let n be (2/(-2) - 6) + 2. Let j be z(n). What are the prime factors of g(j)?
11
Let j(c) = -2*c**2 - 23*c + 8. Let i(m) = 3*m**2 + 35*m - 12. Let l(r) = 5*i(r) + 8*j(r). Let g be l(-7). Let t = 25 - g. What are the prime factors of t?
7
Let a = 13 + -9. Let t be (-9)/15 - 459/(-15). Suppose 0 = 2*o - 3*r - 9, 0*o - a*r = 2*o - t. What are the prime factors of o?
3
Let y be 30*(-9)/(-6) - 0. Suppose -4*x - x = -y. List the prime factors of x.
3
Let f be 2/6 - 11/(-3). Suppose -3*w + f*w = -10. Let z = w - -17. List the prime factors of z.
7
Let u(d) = d**2 - d - 2. Let i be u(2). Suppose -2*k = -5*s, -k - 2*s - s + 11 = i. Suppose 2*m + 48 = 4*a, k*a - m - 65 = 4*m. What are the prime factors of a?
11
Let w(u) = -9*u + 12. Let i(j) = 1. Let x(h) = h - 1. Let l(z) = i(z) - 5*x(z). Let p(b) = -7*l(b) + 4*w(b). List the prime factors of p(0).
2, 3
Let x = 11 + -19. Let b be (x/10)/(10/(-25)). Suppose b*u = -5*p - 2*u + 71, 3*p - 2*u = 47. List the prime factors of p.
3, 5
Suppose 4*j = l - 28, 4*l + 0*j - 3*j = 60. Let g(n) = -n**3 + 12*n**2 + 4*n - 8. List the prime factors of g(l).
2, 5
Let w be (0/2)/(0 - 1). What are the prime factors of -26*((-2)/4 + w)?
13
Suppose 2*v + 367 = 2*p - 39, -v = p - 201. List the prime factors of p.
2, 101
Let t = 14 + -25. Let s = 31 + t. What are the prime factors of s?
2, 5
Let d = -5 + 11. Let s = d - -32. List the prime factors of s.
2, 19
Let f = -37 + 59. Let i = f + -9. List the prime factors of i.
13
Let x(t) be the third derivative of -t**5/60 - t**4/2 + 2*t**3 + 6*t**2. List the prime factors of x(-6).
2, 3
Let c(b) = -b + 8. Let j be c(6). Let o be (-4)/(-1) - j - -1. Suppose -o*n + 2*t + 24 = 8, 0 = 3*n + 5*t + 19. List the prime factors of n.
2
Suppose -q = -2*q + m - 12, 5*m - 11 = -2*q. Let z = -3 - q. List the prime factors of z.
2
Suppose 0 = -5*v + 59 + 6. Suppose 0*p - 2*p + 3*o + 1 = 0, p + 17 = 5*o. Let a = v - p. What are the prime factors of a?
5
Suppose 4*i = w + 42, 5*i - 5*w = -11 + 56. Suppose 0 = -3*a + 4*l - 2, 10*a + l = 5*a + 12. Suppose a*h - h = i. List the prime factors of h.
11
Suppose 13*l + 40 = 17*l. What are the prime factors of l?
2, 5
Suppose -6*j + 147 = -123. What are the prime factors of j?
3, 5
Suppose 3*g - 4*k - 294 = 0, -217 = -5*g + 2*k + 287. List the prime factors of g.
2, 3, 17
Suppose -2*b = 4, 0 = -4*v + 2*b - 3*b - 94. Let l = v + 54. What are the prime factors of l?
31
Suppose -3*w + 11 - 2 = 0, -4*w = -2*v - 10. Suppose -2*s - v = 1. List the prime factors of s - -5 - (0 - 0).
2
Let t = 2 - -7. Let b = -8 + 3. Let w = b + t. What are the prime factors of w?
2
Let z = 1 - 1. Suppose 2*f + 36 = 4*m, z = -3*m + 4*f - 0*f + 32. List the prime factors of m.
2
Let l(t) = -t + 2. Let o(d) = 4*d - 11. Let s(a) = 11*l(a) + 2*o(a). Let u be s(-3). List the prime factors of u/(-12)*-1*4.
3
Let h be ((-20)/12)/((-1)/3). Suppose 0 = -h*f + 104 - 4. What are the prime factors of f?
2, 5
Let s(m) = 2*m - 6. Let z be s(6). Let i = z - -2. Suppose -4*h = -4*v + i + 8, 4*h = -v + 19. What are the prime factors of v?
7
Let i = 24 + 9. Suppose 3*d - n = i, -d - 5*n - 65 = -6*d. List the prime factors of d.
2, 5
Suppose -385 = -4*v + 551. What are the prime factors of v?
2, 3, 13
Let v = -171 + 312. What are the prime factors of v?
3, 47
Let c = -10 - 4. Let i be 4/c - (-170)/7. Suppose p = -3*p + i. List the prime factors of p.
2, 3
Let r be (-2)/(-2*1/5). Let v = 4 - r. Let k = v + 13. List the prime factors of k.
2, 3
Let b be (3/(-5))/(3/(-75)). Let d(n) = 2*n - 21. List the prime factors of d(b).
3
Suppose c - 2*d = -3*d + 29, 3*c - 89 = -2*d. Let p(q) = q**3 - 7*q**2 + 3*q + 2. Let b be p(6). Let l = b + c. What are the prime factors of l?
3, 5
Let l(u) = -3*u - 5. Let a be l(-9). Let y be 38 - 0*1/2. Let n = y - a. List the prime factors of n.
2
Let p(r) = r**3 + 10*r**2 - 8*r + 10. Let l be p(-10). What are the prime factors of l/3*1/3?
2, 5
Suppose -v - 20 = -3*z, 0 = z + 2*z + 5*v + 10. Suppose -94 = -z*q - 4*r, 4*r = 4*q + 4 - 72. What are the prime factors of q?
2, 3
Let t(d) = d**3 + 9*d**2 + 9*d + 8. Suppose -5*r - 3 = n + 39, -n - 34 = 4*r. Let b be t(r). Suppose m = -b*m + 7. List the prime factors of m.
7
Let a(f) = 4 + 3*f**2 - 5 - 3*f**2 - 7*f - f**2. List the prime factors of a(-5).
3
Let r(o) = -o**3 - 1. Let d be r(-1). Suppose 0 = 3*k - 3*p - 63, -3*k + d*k - p = -51. What are the prime factors of k?
2, 3
Let h = -3 + 7. Suppose -3*t - 18 = -4*b - 2*t, 5*t + 26 = h*b. List the prime factors of b.
2
Let s be 1/(-4) + (-12)/16. List the prime factors of 2 + (3/s - -4).
3
Let i = 155 + -100. Suppose -5*k - i = -4*o - o, -3*k + 9 = 3*o. What are the prime factors of o?
7
Let k(i) = i - 10. Let y be k(10). Suppose 0 = -y*d - d + 28. List the prime factors of d.
2, 7
Suppose 215 = 5*c - 5*a, 4*c + 2*a - 93 = 79. What are the prime factors of c?
43
Suppose -5*q - 14 = -2*s, -4*q = 3*s - 0*q + 2. Suppose 0 = s*d - 0*d - 44. List the prime factors of d.
2, 11
Let z = 24 - 3. Suppose -3 = -7*j + 4*j, 4*f + j = z. List the prime fac